{"id":1051,"date":"2017-06-15T11:26:36","date_gmt":"2017-06-15T11:26:36","guid":{"rendered":"https:\/\/psplawyers.es\/achat-et-vente-fiscalite-immobiliere\/"},"modified":"2017-06-15T11:26:36","modified_gmt":"2017-06-15T11:26:36","slug":"achat-et-vente-fiscalite-immobiliere","status":"publish","type":"page","link":"https:\/\/psplawyers.es\/fr\/achat-et-vente-fiscalite-immobiliere\/","title":{"rendered":"ACHAT ET VENTE \u2013 FISCALIT\u00c9 IMMOBILI\u00c8RE"},"content":{"rendered":"<p>[et_pb_section bb_built=\u00a0\u00bb1&Prime; admin_label=\u00a0\u00bbSecci\u00f3n\u00a0\u00bb fullwidth=\u00a0\u00bbon\u00a0\u00bb specialty=\u00a0\u00bboff\u00a0\u00bb _builder_version=\u00a0\u00bb3.0.51&Prime; background_image=\u00a0\u00bbhttps:\/\/psplawyers.es\/wp-content\/uploads\/2017\/06\/header.jpg\u00a0\u00bb][et_pb_fullwidth_header admin_label=\u00a0\u00bbT\u00edtulo de anchura completa\u00a0\u00bb _builder_version=\u00a0\u00bb3.0.51&Prime; text_orientation=\u00a0\u00bbleft\u00a0\u00bb header_fullscreen=\u00a0\u00bboff\u00a0\u00bb header_scroll_down=\u00a0\u00bboff\u00a0\u00bb image_orientation=\u00a0\u00bbcenter\u00a0\u00bb background_layout=\u00a0\u00bbdark\u00a0\u00bb content_orientation=\u00a0\u00bbcenter\u00a0\u00bb custom_button_one=\u00a0\u00bboff\u00a0\u00bb button_one_letter_spacing=\u00a0\u00bb0&Prime; button_one_icon_placement=\u00a0\u00bbright\u00a0\u00bb button_one_letter_spacing_hover=\u00a0\u00bb0&Prime; custom_button_two=\u00a0\u00bboff\u00a0\u00bb button_two_letter_spacing=\u00a0\u00bb0&Prime; button_two_icon_placement=\u00a0\u00bbright\u00a0\u00bb button_two_letter_spacing_hover=\u00a0\u00bb0&Prime; title=\u00a0\u00bbACHAT ET VENTE \u2013 FISCALIT\u00c9 IMMOBILI\u00c8RE\u00a0\u00bb title_font_color=\u00a0\u00bb#f5e7bd\u00a0\u00bb background_overlay_color=\u00a0\u00bbrgba(9,122,156,0.48)\u00a0\u00bb background_position=\u00a0\u00bbtop_left\u00a0\u00bb background_repeat=\u00a0\u00bbrepeat\u00a0\u00bb background_size=\u00a0\u00bbinitial\u00a0\u00bb \/][\/et_pb_section][et_pb_section bb_built=\u00a0\u00bb1&Prime; admin_label=\u00a0\u00bbsection\u00a0\u00bb][et_pb_row admin_label=\u00a0\u00bbrow\u00a0\u00bb background_position=\u00a0\u00bbtop_left\u00a0\u00bb background_repeat=\u00a0\u00bbrepeat\u00a0\u00bb background_size=\u00a0\u00bbinitial\u00a0\u00bb][et_pb_column type=\u00a0\u00bb4_4&Prime;][et_pb_text admin_label=\u00a0\u00bbTexto\u00a0\u00bb _builder_version=\u00a0\u00bb3.0.51&Prime; background_layout=\u00a0\u00bblight\u00a0\u00bb text_orientation=\u00a0\u00bbjustified\u00a0\u00bb border_style=\u00a0\u00bbsolid\u00a0\u00bb]<\/p>\n<p>Nous ma\u00eetrisons tous les aspects des domaines de l&rsquo;achat et de vente, et obtenons les meilleurs r\u00e9sultats en conseil juridique sur l&rsquo;acquisition, la vente ou toute autre forme juridique de transfert de droits, avantageux pour le client.<\/p>\n<p>Notre \u00e9quipe poss\u00e8de une vaste exp\u00e9rience dans la gestion efficace des aspects juridiques dans les achats, les ventes, les hypoth\u00e8ques et locaux commerciaux de toute sorte, ainsi que dans les conseils sur tous les aspects de la loi applicable, \u00e9tant des sp\u00e9cialistes de la Costa Del Sol, et en particulier Marbella.<\/p>\n<p>Nos avocats travaillent avec nos clients \u00e0 toutes les \u00e9tapes de la transaction. Par cons\u00e9quent, minimisent le risque d&rsquo;exposition et essayent de maximiser les profits en fournissant une estimation des co\u00fbts probables, d\u00e8s l\u2019instant o\u00f9 les clients nous contactent, et en les conseillant pleinement dans les n\u00e9gociations pour un plus grand b\u00e9n\u00e9fice.<\/p>\n<p>[\/et_pb_text][et_pb_image admin_label=\u00a0\u00bbImagen\u00a0\u00bb _builder_version=\u00a0\u00bb3.0.51&Prime; src=\u00a0\u00bbhttps:\/\/psplawyers.es\/wp-content\/uploads\/2017\/06\/inmobiliaria.jpg\u00a0\u00bb show_in_lightbox=\u00a0\u00bboff\u00a0\u00bb url_new_window=\u00a0\u00bboff\u00a0\u00bb use_overlay=\u00a0\u00bboff\u00a0\u00bb sticky=\u00a0\u00bboff\u00a0\u00bb align=\u00a0\u00bbcenter\u00a0\u00bb always_center_on_mobile=\u00a0\u00bbon\u00a0\u00bb border_style=\u00a0\u00bbsolid\u00a0\u00bb max_width=\u00a0\u00bb600px\u00a0\u00bb force_fullwidth=\u00a0\u00bboff\u00a0\u00bb animation=\u00a0\u00bboff\u00a0\u00bb \/][\/et_pb_column][\/et_pb_row][\/et_pb_section][et_pb_section bb_built=\u00a0\u00bb1&Prime; admin_label=\u00a0\u00bbSecci\u00f3n\u00a0\u00bb fullwidth=\u00a0\u00bbon\u00a0\u00bb _builder_version=\u00a0\u00bb3.0.51&Prime; background_image=\u00a0\u00bbhttps:\/\/psplawyers.es\/wp-content\/uploads\/2017\/06\/footer.jpg\u00a0\u00bb][et_pb_fullwidth_header admin_label=\u00a0\u00bbT\u00edtulo de anchura completa\u00a0\u00bb title=\u00a0\u00bbSi vous avez des questions, contactez-nous\u00a0\u00bb subhead=\u00a0\u00bbSi vous avez des doutes concernant nos prestations o\u00f9 votre cas pr\u00e9cis, n\u2019h\u00e9sitez pas \u00e0 nous contacter, nous nous ferons un plaisir de r\u00e9pondre \u00e0 vos questions\u00a0\u00bb background_layout=\u00a0\u00bbdark\u00a0\u00bb text_orientation=\u00a0\u00bbcenter\u00a0\u00bb button_one_text=\u00a0\u00bbCONTACTEZ-NOUS\u00a0\u00bb button_one_url=\u00a0\u00bbhttps:\/\/psplawyers.es\/fr\/contacto\/\u00a0\u00bb background_overlay_color=\u00a0\u00bbrgba(0,0,0,0.4)\u00a0\u00bb _builder_version=\u00a0\u00bb3.0.51&Prime; content_font_size=\u00a0\u00bb16px\u00a0\u00bb subhead_font_size=\u00a0\u00bb28px\u00a0\u00bb header_fullscreen=\u00a0\u00bboff\u00a0\u00bb header_scroll_down=\u00a0\u00bboff\u00a0\u00bb image_orientation=\u00a0\u00bbcenter\u00a0\u00bb content_orientation=\u00a0\u00bbcenter\u00a0\u00bb custom_button_one=\u00a0\u00bboff\u00a0\u00bb button_one_letter_spacing=\u00a0\u00bb0&Prime; button_one_icon_placement=\u00a0\u00bbright\u00a0\u00bb button_one_letter_spacing_hover=\u00a0\u00bb0&Prime; custom_button_two=\u00a0\u00bboff\u00a0\u00bb button_two_letter_spacing=\u00a0\u00bb0&Prime; button_two_icon_placement=\u00a0\u00bbright\u00a0\u00bb button_two_letter_spacing_hover=\u00a0\u00bb0&Prime; \/][\/et_pb_section]<\/p>\n","protected":false},"excerpt":{"rendered":"<p>Nous ma\u00eetrisons tous les aspects des domaines de l&rsquo;achat et de vente, et obtenons les meilleurs r\u00e9sultats en conseil juridique sur l&rsquo;acquisition, la vente ou toute autre forme juridique de transfert de droits, avantageux pour le client. Notre \u00e9quipe poss\u00e8de une vaste exp\u00e9rience dans la gestion efficace des aspects juridiques dans les achats, les ventes, [&hellip;]<\/p>\n","protected":false},"author":1,"featured_media":0,"parent":0,"menu_order":0,"comment_status":"closed","ping_status":"closed","template":"","meta":{"_et_pb_use_builder":"on","_et_pb_old_content":"","_et_gb_content_width":"","footnotes":""},"class_list":["post-1051","page","type-page","status-publish","hentry"],"aioseo_notices":[],"_links":{"self":[{"href":"https:\/\/psplawyers.es\/fr\/wp-json\/wp\/v2\/pages\/1051","targetHints":{"allow":["GET"]}}],"collection":[{"href":"https:\/\/psplawyers.es\/fr\/wp-json\/wp\/v2\/pages"}],"about":[{"href":"https:\/\/psplawyers.es\/fr\/wp-json\/wp\/v2\/types\/page"}],"author":[{"embeddable":true,"href":"https:\/\/psplawyers.es\/fr\/wp-json\/wp\/v2\/users\/1"}],"replies":[{"embeddable":true,"href":"https:\/\/psplawyers.es\/fr\/wp-json\/wp\/v2\/comments?post=1051"}],"version-history":[{"count":0,"href":"https:\/\/psplawyers.es\/fr\/wp-json\/wp\/v2\/pages\/1051\/revisions"}],"wp:attachment":[{"href":"https:\/\/psplawyers.es\/fr\/wp-json\/wp\/v2\/media?parent=1051"}],"curies":[{"name":"wp","href":"https:\/\/api.w.org\/{rel}","templated":true}]}}

ACHAT ET VENTE – FISCALITÉ IMMOBILIÈRE

<p>[et_pb_section bb_built= »1&Prime; admin_label= »Sección » fullwidth= »on » specialty= »off » _builder_version= »3.0.51&Prime; background_image= »https://psplawyers.es/wp-content/uploads/2017/06/header.jpg »][et_pb_fullwidth_header admin_label= »Título de anchura completa » _builder_version= »3.0.51&Prime; text_orientation= »left » header_fullscreen= »off » header_scroll_down= »off » image_orientation= »center » background_layout= »dark » content_orientation= »center » custom_button_one= »off » button_one_letter_spacing= »0&Prime; button_one_icon_placement= »right » button_one_letter_spacing_hover= »0&Prime; custom_button_two= »off » button_two_letter_spacing= »0&Prime; button_two_icon_placement= »right » button_two_letter_spacing_hover= »0&Prime; title= »ACHAT ET VENTE – FISCALITÉ IMMOBILIÈRE » title_font_color= »#f5e7bd » background_overlay_color= »rgba(9,122,156,0.48) » background_position= »top_left » background_repeat= »repeat » background_size= »initial » /][/et_pb_section][et_pb_section bb_built= »1&Prime; admin_label= »section »][et_pb_row admin_label= »row » background_position= »top_left » background_repeat= »repeat » background_size= »initial »][et_pb_column type= »4_4&Prime;][et_pb_text admin_label= »Texto » _builder_version= »3.0.51&Prime; background_layout= »light » text_orientation= »justified » border_style= »solid »]</p>
<p>Nous maîtrisons tous les aspects des domaines de l&rsquo;achat et de vente, et obtenons les meilleurs résultats en conseil juridique sur l&rsquo;acquisition, la vente ou toute autre forme juridique de transfert de droits, avantageux pour le client.</p>
<p>Notre équipe possède une vaste expérience dans la gestion efficace des aspects juridiques dans les achats, les ventes, les hypothèques et locaux commerciaux de toute sorte, ainsi que dans les conseils sur tous les aspects de la loi applicable, étant des spécialistes de la Costa Del Sol, et en particulier Marbella.</p>
<p>Nos avocats travaillent avec nos clients à toutes les étapes de la transaction. Par conséquent, minimisent le risque d&rsquo;exposition et essayent de maximiser les profits en fournissant une estimation des coûts probables, dès l’instant où les clients nous contactent, et en les conseillant pleinement dans les négociations pour un plus grand bénéfice.</p>
<p>[/et_pb_text][et_pb_image admin_label= »Imagen » _builder_version= »3.0.51&Prime; src= »https://psplawyers.es/wp-content/uploads/2017/06/inmobiliaria.jpg » show_in_lightbox= »off » url_new_window= »off » use_overlay= »off » sticky= »off » align= »center » always_center_on_mobile= »on » border_style= »solid » max_width= »600px » force_fullwidth= »off » animation= »off » /][/et_pb_column][/et_pb_row][/et_pb_section][et_pb_section bb_built= »1&Prime; admin_label= »Sección » fullwidth= »on » _builder_version= »3.0.51&Prime; background_image= »https://psplawyers.es/wp-content/uploads/2017/06/footer.jpg »][et_pb_fullwidth_header admin_label= »Título de anchura completa » title= »Si vous avez des questions, contactez-nous » subhead= »Si vous avez des doutes concernant nos prestations où votre cas précis, n’hésitez pas à nous contacter, nous nous ferons un plaisir de répondre à vos questions » background_layout= »dark » text_orientation= »center » button_one_text= »CONTACTEZ-NOUS » button_one_url= »https://psplawyers.es/fr/contacto/ » background_overlay_color= »rgba(0,0,0,0.4) » _builder_version= »3.0.51&Prime; content_font_size= »16px » subhead_font_size= »28px » header_fullscreen= »off » header_scroll_down= »off » image_orientation= »center » content_orientation= »center » custom_button_one= »off » button_one_letter_spacing= »0&Prime; button_one_icon_placement= »right » button_one_letter_spacing_hover= »0&Prime; custom_button_two= »off » button_two_letter_spacing= »0&Prime; button_two_icon_placement= »right » button_two_letter_spacing_hover= »0&Prime; /][/et_pb_section]</p>

<p>Nous maîtrisons tous les aspects des domaines de l&rsquo;achat et de vente, et obtenons les meilleurs résultats en conseil juridique sur l&rsquo;acquisition, la vente ou toute autre forme juridique de transfert de droits, avantageux pour le client. Notre équipe possède une vaste expérience dans la gestion efficace des aspects juridiques dans les achats, les ventes, [&hellip;]</p>
